{"id":5887,"date":"2026-02-09T18:33:54","date_gmt":"2026-02-09T21:33:54","guid":{"rendered":"https:\/\/ateliedecriacaofiosenos.com.br\/?post_type=product&#038;p=5887"},"modified":"2026-04-29T17:31:12","modified_gmt":"2026-04-29T20:31:12","slug":"colar-pedra-da-lua","status":"publish","type":"product","link":"https:\/\/ateliedecriacaofiosenos.com.br\/?product=colar-pedra-da-lua","title":{"rendered":"Colar Pedra da Lua"},"content":{"rendered":"<p><span style=\"font-weight: 400;\"><strong>Comprimento aprox.:<\/strong> 59cm<\/span><span style=\"font-weight: 400;\">\u00a0<\/span><\/p>\n<p><span style=\"font-weight: 400;\"><strong>Material:<\/strong> fios de algod\u00e3o encerado, Pedras da Lua, mi\u00e7angas de hematita, entremeios e argolas de metal; e fechamento de metal imantado.<\/span><\/p>\n<p><span style=\"font-weight: 400;\"><strong>Cor:<\/strong> fio de algod\u00e3o nas cores azul marinho e turquesa; detalhes com fios de algod\u00e3o na cor azul marinho; Perda da Lua na sua cor natural.<\/span><\/p>\n<p><strong>Obs.:\u00a0\u00a0<\/strong><\/p>\n<p><span style=\"font-weight: 400;\">\u00a0<\/span><span style=\"font-weight: 400;\">Apesar de os materiais terem recebido uma camada protetora impermeabilizante, recomenda-se\u00a0 a limpeza com pano seco ou h\u00famido. <\/span><span style=\"font-weight: 400;\">\u00a0Para maior vida \u00fatil do produto, e<\/span><span style=\"font-weight: 400;\">vite a exposi\u00e7\u00e3o ao sol e, quando n\u00e3o utilizado, guarde-o em saco pl\u00e1stico, bem fechado<\/span><span style=\"font-weight: 400;\">.<\/span><\/p>\n<p><span style=\"font-weight: 400;\">Pequenas varia\u00e7\u00f5es podem ocorrer, as quais s\u00e3o caracter\u00edsticas do processo de produ\u00e7\u00e3o\u00a0 artesanal<\/span><span style=\"font-weight: 400;\">. <\/span><span style=\"font-weight: 400;\">\u00a0<\/span><\/p>\n<p><span style=\"font-weight: 400;\">As imagens s\u00e3o manipuladas de forma a representar maior fidelidade \u00e0s cores.\u00a0<\/span><\/p>\n","protected":false},"excerpt":{"rendered":"<p><span style=\"font-size: 16px; font-weight: 400;\">Colar feito \u00e0 m\u00e3o com fios de algod\u00e3o e fechamento de metal imantado. Os detalhes foram feitos com fio de algod\u00e3o e entremeios met\u00e1licos. Pedras da Lua intercaladas com mi\u00e7angas de hematita comp\u00f5em a principal caracter\u00edstica desta delicada pe\u00e7a artesanal.<\/span><\/p>\n","protected":false},"featured_media":5888,"template":"","meta":{"om_disable_all_campaigns":false,"_uag_custom_page_level_css":"","_monsterinsights_skip_tracking":false,"_monsterinsights_sitenote_active":false,"_monsterinsights_sitenote_note":"","_monsterinsights_sitenote_category":0,"site-sidebar-layout":"default","site-content-layout":"","ast-site-content-layout":"default","site-content-style":"default","site-sidebar-style":"default","ast-global-header-display":"","ast-banner-title-visibility":"","ast-main-header-display":"","ast-hfb-above-header-display":"","ast-hfb-below-header-display":"","ast-hfb-mobile-header-display":"","site-post-title":"","ast-breadcrumbs-content":"","ast-featured-img":"","footer-sml-layout":"","ast-disable-related-posts":"","theme-transparent-header-meta":"default","adv-header-id-meta":"","stick-header-meta":"","header-above-stick-meta":"","header-main-stick-meta":"","header-below-stick-meta":"","astra-migrate-meta-layouts":"set","ast-page-background-enabled":"default","ast-page-background-meta":{"desktop":{"background-color":"var(--ast-global-color-4)","background-image":"","background-repeat":"repeat","background-position":"center center","background-size":"auto","background-attachment":"scroll","background-type":"","background-media":"","overlay-type":"","overlay-color":"","overlay-opacity":"","overlay-gradient":""},"tablet":{"background-color":"","background-image":"","background-repeat":"repeat","background-position":"center center","background-size":"auto","background-attachment":"scroll","background-type":"","background-media":"","overlay-type":"","overlay-color":"","overlay-opacity":"","overlay-gradient":""},"mobile":{"background-color":"","background-image":"","background-repeat":"repeat","background-position":"center center","background-size":"auto","background-attachment":"scroll","background-type":"","background-media":"","overlay-type":"","overlay-color":"","overlay-opacity":"","overlay-gradient":""}},"ast-content-background-meta":{"desktop":{"background-color":"var(--ast-global-color-5)","background-image":"","background-repeat":"repeat","background-position":"center center","background-size":"auto","background-attachment":"scroll","background-type":"","background-media":"","overlay-type":"","overlay-color":"","overlay-opacity":"","overlay-gradient":""},"tablet":{"background-color":"var(--ast-global-color-5)","background-image":"","background-repeat":"repeat","background-position":"center center","background-size":"auto","background-attachment":"scroll","background-type":"","background-media":"","overlay-type":"","overlay-color":"","overlay-opacity":"","overlay-gradient":""},"mobile":{"background-color":"var(--ast-global-color-5)","background-image":"","background-repeat":"repeat","background-position":"center center","background-size":"auto","background-attachment":"scroll","background-type":"","background-media":"","overlay-type":"","overlay-color":"","overlay-opacity":"","overlay-gradient":""}}},"product_brand":[],"product_cat":[36],"product_tag":[84,74],"class_list":{"0":"post-5887","1":"product","2":"type-product","3":"status-publish","4":"has-post-thumbnail","6":"product_cat-semijoias-e-bijoux","7":"product_tag-colar-artesanal-feminino","8":"product_tag-joias-artesanais","9":"product_shipping_class-pacotes-leves","10":"desktop-align-left","11":"tablet-align-left","12":"mobile-align-left","14":"first","15":"instock","16":"shipping-taxable","17":"purchasable","18":"product-type-simple"},"aioseo_notices":[],"uagb_featured_image_src":{"full":["https:\/\/ateliedecriacaofiosenos.com.br\/wp-content\/uploads\/2026\/02\/Colar-Pedra-da-Lua.jpg",1080,1080,false],"thumbnail":["https:\/\/ateliedecriacaofiosenos.com.br\/wp-content\/uploads\/2026\/02\/Colar-Pedra-da-Lua-150x150.jpg",150,150,true],"medium":["https:\/\/ateliedecriacaofiosenos.com.br\/wp-content\/uploads\/2026\/02\/Colar-Pedra-da-Lua-300x300.jpg",300,300,true],"medium_large":["https:\/\/ateliedecriacaofiosenos.com.br\/wp-content\/uploads\/2026\/02\/Colar-Pedra-da-Lua-768x768.jpg",768,768,true],"large":["https:\/\/ateliedecriacaofiosenos.com.br\/wp-content\/uploads\/2026\/02\/Colar-Pedra-da-Lua-1024x1024.jpg",1024,1024,true],"1536x1536":["https:\/\/ateliedecriacaofiosenos.com.br\/wp-content\/uploads\/2026\/02\/Colar-Pedra-da-Lua.jpg",1080,1080,false],"2048x2048":["https:\/\/ateliedecriacaofiosenos.com.br\/wp-content\/uploads\/2026\/02\/Colar-Pedra-da-Lua.jpg",1080,1080,false],"mailpoet_newsletter_max":["https:\/\/ateliedecriacaofiosenos.com.br\/wp-content\/uploads\/2026\/02\/Colar-Pedra-da-Lua.jpg",1080,1080,false],"woocommerce_thumbnail":["https:\/\/ateliedecriacaofiosenos.com.br\/wp-content\/uploads\/2026\/02\/Colar-Pedra-da-Lua-300x300.jpg",300,300,true],"woocommerce_single":["https:\/\/ateliedecriacaofiosenos.com.br\/wp-content\/uploads\/2026\/02\/Colar-Pedra-da-Lua-600x600.jpg",600,600,true],"woocommerce_gallery_thumbnail":["https:\/\/ateliedecriacaofiosenos.com.br\/wp-content\/uploads\/2026\/02\/Colar-Pedra-da-Lua-100x100.jpg",100,100,true]},"uagb_author_info":{"display_name":"criacaofiosenos@gmail.com","author_link":"https:\/\/ateliedecriacaofiosenos.com.br\/?author=0"},"uagb_comment_info":0,"uagb_excerpt":"Colar feito \u00e0 m\u00e3o com fios de algod\u00e3o e fechamento de metal imantado. Os detalhes foram feitos com fio de algod\u00e3o e entremeios met\u00e1licos. Pedras da Lua intercaladas com mi\u00e7angas de hematita comp\u00f5em a principal caracter\u00edstica desta delicada pe\u00e7a artesanal.","jetpack_sharing_enabled":true,"_links":{"self":[{"href":"https:\/\/ateliedecriacaofiosenos.com.br\/index.php?rest_route=\/wp\/v2\/product\/5887","targetHints":{"allow":["GET"]}}],"collection":[{"href":"https:\/\/ateliedecriacaofiosenos.com.br\/index.php?rest_route=\/wp\/v2\/product"}],"about":[{"href":"https:\/\/ateliedecriacaofiosenos.com.br\/index.php?rest_route=\/wp\/v2\/types\/product"}],"wp:featuredmedia":[{"embeddable":true,"href":"https:\/\/ateliedecriacaofiosenos.com.br\/index.php?rest_route=\/wp\/v2\/media\/5888"}],"wp:attachment":[{"href":"https:\/\/ateliedecriacaofiosenos.com.br\/index.php?rest_route=%2Fwp%2Fv2%2Fmedia&parent=5887"}],"wp:term":[{"taxonomy":"product_brand","embeddable":true,"href":"https:\/\/ateliedecriacaofiosenos.com.br\/index.php?rest_route=%2Fwp%2Fv2%2Fproduct_brand&post=5887"},{"taxonomy":"product_cat","embeddable":true,"href":"https:\/\/ateliedecriacaofiosenos.com.br\/index.php?rest_route=%2Fwp%2Fv2%2Fproduct_cat&post=5887"},{"taxonomy":"product_tag","embeddable":true,"href":"https:\/\/ateliedecriacaofiosenos.com.br\/index.php?rest_route=%2Fwp%2Fv2%2Fproduct_tag&post=5887"}],"curies":[{"name":"wp","href":"https:\/\/api.w.org\/{rel}","templated":true}]}}

<p><span style="font-weight: 400;"><strong>Comprimento aprox.:</strong> 59cm</span><span style="font-weight: 400;"> </span></p>
<p><span style="font-weight: 400;"><strong>Material:</strong> fios de algodão encerado, Pedras da Lua, miçangas de hematita, entremeios e argolas de metal; e fechamento de metal imantado.</span></p>
<p><span style="font-weight: 400;"><strong>Cor:</strong> fio de algodão nas cores azul marinho e turquesa; detalhes com fios de algodão na cor azul marinho; Perda da Lua na sua cor natural.</span></p>
<p><strong>Obs.:  </strong></p>
<p><span style="font-weight: 400;"> </span><span style="font-weight: 400;">Apesar de os materiais terem recebido uma camada protetora impermeabilizante, recomenda-se  a limpeza com pano seco ou húmido. </span><span style="font-weight: 400;"> Para maior vida útil do produto, e</span><span style="font-weight: 400;">vite a exposição ao sol e, quando não utilizado, guarde-o em saco plástico, bem fechado</span><span style="font-weight: 400;">.</span></p>
<p><span style="font-weight: 400;">Pequenas variações podem ocorrer, as quais são características do processo de produção  artesanal</span><span style="font-weight: 400;">. </span><span style="font-weight: 400;"> </span></p>
<p><span style="font-weight: 400;">As imagens são manipuladas de forma a representar maior fidelidade às cores. </span></p>

<p><span style="font-size: 16px; font-weight: 400;">Colar feito à mão com fios de algodão e fechamento de metal imantado. Os detalhes foram feitos com fio de algodão e entremeios metálicos. Pedras da Lua intercaladas com miçangas de hematita compõem a principal característica desta delicada peça artesanal.</span></p>

Colar feito à mão com fios de algodão e fechamento de metal imantado. Os detalhes foram feitos com fio de algodão e entremeios metálicos. Pedras da Lua intercaladas com miçangas de hematita compõem a principal característica desta delicada peça artesanal.
