{"id":4778,"date":"2025-04-15T18:11:23","date_gmt":"2025-04-15T21:11:23","guid":{"rendered":"https:\/\/ateliedecriacaofiosenos.com.br\/?post_type=product&#038;p=4778"},"modified":"2026-04-29T17:31:12","modified_gmt":"2026-04-29T20:31:12","slug":"mini-cocar-textil","status":"publish","type":"product","link":"https:\/\/ateliedecriacaofiosenos.com.br\/?product=mini-cocar-textil","title":{"rendered":"Mini Cocar T\u00eaxtil"},"content":{"rendered":"<p><span style=\"font-weight: 400;\"><strong>Material<\/strong>: fios de Juta, algod\u00e3o e viscose; barbante de algod\u00e3o ecol\u00f3gico e rami<\/span><\/p>\n<p><span style=\"font-weight: 400;\"><strong>Tamanho<\/strong>: 25 cm (L) x 35 cm (C)<\/span><\/p>\n<p><span style=\"font-weight: 400;\"><strong>Cor:<\/strong> Juta e rami na cor natural; barbantes nas cores cru, azul, verde, amarelo, preto e cinza; fios de viscose nas cores azul, verde e dourado.<\/span><\/p>\n<p><span style=\"font-weight: 400;\"><strong>Obs.:<\/strong> Pequenas varia\u00e7\u00f5es podem ocorrer, as quais s\u00e3o caracter\u00edsticas do processo de produ\u00e7\u00e3o artesanal<\/span><span style=\"font-weight: 400;\">. <\/span><span style=\"font-weight: 400;\">\u00a0<\/span><\/p>\n<p><span style=\"font-weight: 400;\">As imagens s\u00e3o manipuladas de forma a representar maior fidelidade \u00e0s cores.\u00a0<\/span><\/p>\n<p><span style=\"font-weight: 400;\">Para maiores informa\u00e7\u00f5es ou pedido personalizado, preencha o<em> Formul\u00e1rio de contato<\/em>. Responderemos sua mensagem o mais breve poss\u00edvel.<\/span><\/p>\n<div class=\"wpforms-container \" id=\"wpforms-1949\"><form id=\"wpforms-form-1949\" class=\"wpforms-validate wpforms-form\" data-formid=\"1949\" method=\"post\" enctype=\"multipart\/form-data\" action=\"\/index.php?rest_route=%2Fwp%2Fv2%2Fproduct%2F4778\" data-token=\"3e92b4604df1cf46ec9e44fb339d4242\" data-token-time=\"1777581033\"><noscript class=\"wpforms-error-noscript\">Ative o JavaScript no seu navegador para preencher este formul\u00e1rio.<\/noscript><div class=\"wpforms-field-container\"><div id=\"wpforms-1949-field_0-container\" class=\"wpforms-field wpforms-field-name\" data-field-id=\"0\"><label class=\"wpforms-field-label\" for=\"wpforms-1949-field_0\">Nome <span class=\"wpforms-required-label\">*<\/span><\/label><input type=\"text\" id=\"wpforms-1949-field_0\" class=\"wpforms-field-large wpforms-field-required\" name=\"wpforms[fields][0]\" required><\/div><div id=\"wpforms-1949-field_1-container\" class=\"wpforms-field wpforms-field-email\" data-field-id=\"1\"><label class=\"wpforms-field-label\" for=\"wpforms-1949-field_1\">Email <span class=\"wpforms-required-label\">*<\/span><\/label><input type=\"email\" id=\"wpforms-1949-field_1\" class=\"wpforms-field-large wpforms-field-required\" name=\"wpforms[fields][1]\" spellcheck=\"false\" required><\/div><div id=\"wpforms-1949-field_2-container\" class=\"wpforms-field wpforms-field-textarea\" data-field-id=\"2\"><label class=\"wpforms-field-label\" for=\"wpforms-1949-field_2\">Coment\u00e1rio ou Messagem <span class=\"wpforms-required-label\">*<\/span><\/label><textarea id=\"wpforms-1949-field_2\" class=\"wpforms-field-medium wpforms-field-required\" name=\"wpforms[fields][2]\" required><\/textarea><\/div><\/div><!-- .wpforms-field-container --><div class=\"wpforms-submit-container\" ><input type=\"hidden\" name=\"wpforms[id]\" value=\"1949\"><input type=\"hidden\" name=\"page_title\" value=\"\"><input type=\"hidden\" name=\"page_url\" value=\"https:\/\/ateliedecriacaofiosenos.com.br\/index.php?rest_route=\/wp\/v2\/product\/4778\"><input type=\"hidden\" name=\"url_referer\" value=\"\"><button type=\"submit\" name=\"wpforms[submit]\" id=\"wpforms-submit-1949\" class=\"wpforms-submit\" data-alt-text=\"Sending...\" data-submit-text=\"Enviar\" aria-live=\"assertive\" value=\"wpforms-submit\">Enviar<\/button><\/div><\/form><\/div>  <!-- .wpforms-container -->\n","protected":false},"excerpt":{"rendered":"<p>Pe\u00e7a artesanal \u00fanica produzida com a t\u00e9cnica do Fiber Emballage. Ela foi inspirada no Cocar Ind\u00edgena; e as cores, no p\u00e1ssaro da Amaz\u00f4nia &#8211; Surucu\u00e1 Dourado.<\/p>\n","protected":false},"featured_media":4779,"template":"","meta":{"om_disable_all_campaigns":false,"_uag_custom_page_level_css":"","_monsterinsights_skip_tracking":false,"_monsterinsights_sitenote_active":false,"_monsterinsights_sitenote_note":"","_monsterinsights_sitenote_category":0,"site-sidebar-layout":"default","site-content-layout":"","ast-site-content-layout":"default","site-content-style":"default","site-sidebar-style":"default","ast-global-header-display":"","ast-banner-title-visibility":"","ast-main-header-display":"","ast-hfb-above-header-display":"","ast-hfb-below-header-display":"","ast-hfb-mobile-header-display":"","site-post-title":"","ast-breadcrumbs-content":"","ast-featured-img":"","footer-sml-layout":"","ast-disable-related-posts":"","theme-transparent-header-meta":"default","adv-header-id-meta":"","stick-header-meta":"","header-above-stick-meta":"","header-main-stick-meta":"","header-below-stick-meta":"","astra-migrate-meta-layouts":"set","ast-page-background-enabled":"default","ast-page-background-meta":{"desktop":{"background-color":"var(--ast-global-color-4)","background-image":"","background-repeat":"repeat","background-position":"center center","background-size":"auto","background-attachment":"scroll","background-type":"","background-media":"","overlay-type":"","overlay-color":"","overlay-opacity":"","overlay-gradient":""},"tablet":{"background-color":"","background-image":"","background-repeat":"repeat","background-position":"center center","background-size":"auto","background-attachment":"scroll","background-type":"","background-media":"","overlay-type":"","overlay-color":"","overlay-opacity":"","overlay-gradient":""},"mobile":{"background-color":"","background-image":"","background-repeat":"repeat","background-position":"center center","background-size":"auto","background-attachment":"scroll","background-type":"","background-media":"","overlay-type":"","overlay-color":"","overlay-opacity":"","overlay-gradient":""}},"ast-content-background-meta":{"desktop":{"background-color":"var(--ast-global-color-5)","background-image":"","background-repeat":"repeat","background-position":"center center","background-size":"auto","background-attachment":"scroll","background-type":"","background-media":"","overlay-type":"","overlay-color":"","overlay-opacity":"","overlay-gradient":""},"tablet":{"background-color":"var(--ast-global-color-5)","background-image":"","background-repeat":"repeat","background-position":"center center","background-size":"auto","background-attachment":"scroll","background-type":"","background-media":"","overlay-type":"","overlay-color":"","overlay-opacity":"","overlay-gradient":""},"mobile":{"background-color":"var(--ast-global-color-5)","background-image":"","background-repeat":"repeat","background-position":"center center","background-size":"auto","background-attachment":"scroll","background-type":"","background-media":"","overlay-type":"","overlay-color":"","overlay-opacity":"","overlay-gradient":""}}},"product_brand":[],"product_cat":[26],"product_tag":[83,75],"class_list":{"0":"post-4778","1":"product","2":"type-product","3":"status-publish","4":"has-post-thumbnail","6":"product_cat-acessorios-de-casa","7":"product_tag-cocar-textil","8":"product_tag-escultura-textil","9":"desktop-align-left","10":"tablet-align-left","11":"mobile-align-left","13":"first","14":"instock","15":"shipping-taxable","16":"purchasable","17":"product-type-simple"},"aioseo_notices":[],"uagb_featured_image_src":{"full":["https:\/\/ateliedecriacaofiosenos.com.br\/wp-content\/uploads\/2025\/04\/Mini-cocar-amarelo-azul-2.jpg",1080,1080,false],"thumbnail":["https:\/\/ateliedecriacaofiosenos.com.br\/wp-content\/uploads\/2025\/04\/Mini-cocar-amarelo-azul-2-150x150.jpg",150,150,true],"medium":["https:\/\/ateliedecriacaofiosenos.com.br\/wp-content\/uploads\/2025\/04\/Mini-cocar-amarelo-azul-2-300x300.jpg",300,300,true],"medium_large":["https:\/\/ateliedecriacaofiosenos.com.br\/wp-content\/uploads\/2025\/04\/Mini-cocar-amarelo-azul-2-768x768.jpg",768,768,true],"large":["https:\/\/ateliedecriacaofiosenos.com.br\/wp-content\/uploads\/2025\/04\/Mini-cocar-amarelo-azul-2-1024x1024.jpg",1024,1024,true],"1536x1536":["https:\/\/ateliedecriacaofiosenos.com.br\/wp-content\/uploads\/2025\/04\/Mini-cocar-amarelo-azul-2.jpg",1080,1080,false],"2048x2048":["https:\/\/ateliedecriacaofiosenos.com.br\/wp-content\/uploads\/2025\/04\/Mini-cocar-amarelo-azul-2.jpg",1080,1080,false],"mailpoet_newsletter_max":["https:\/\/ateliedecriacaofiosenos.com.br\/wp-content\/uploads\/2025\/04\/Mini-cocar-amarelo-azul-2.jpg",1080,1080,false],"woocommerce_thumbnail":["https:\/\/ateliedecriacaofiosenos.com.br\/wp-content\/uploads\/2025\/04\/Mini-cocar-amarelo-azul-2-300x300.jpg",300,300,true],"woocommerce_single":["https:\/\/ateliedecriacaofiosenos.com.br\/wp-content\/uploads\/2025\/04\/Mini-cocar-amarelo-azul-2-600x600.jpg",600,600,true],"woocommerce_gallery_thumbnail":["https:\/\/ateliedecriacaofiosenos.com.br\/wp-content\/uploads\/2025\/04\/Mini-cocar-amarelo-azul-2-100x100.jpg",100,100,true]},"uagb_author_info":{"display_name":"criacaofiosenos@gmail.com","author_link":"https:\/\/ateliedecriacaofiosenos.com.br\/?author=0"},"uagb_comment_info":0,"uagb_excerpt":"Pe\u00e7a artesanal \u00fanica produzida com a t\u00e9cnica do Fiber Emballage. Ela foi inspirada no Cocar Ind\u00edgena; e as cores, no p\u00e1ssaro da Amaz\u00f4nia - Surucu\u00e1 Dourado.","jetpack_sharing_enabled":true,"_links":{"self":[{"href":"https:\/\/ateliedecriacaofiosenos.com.br\/index.php?rest_route=\/wp\/v2\/product\/4778","targetHints":{"allow":["GET"]}}],"collection":[{"href":"https:\/\/ateliedecriacaofiosenos.com.br\/index.php?rest_route=\/wp\/v2\/product"}],"about":[{"href":"https:\/\/ateliedecriacaofiosenos.com.br\/index.php?rest_route=\/wp\/v2\/types\/product"}],"wp:featuredmedia":[{"embeddable":true,"href":"https:\/\/ateliedecriacaofiosenos.com.br\/index.php?rest_route=\/wp\/v2\/media\/4779"}],"wp:attachment":[{"href":"https:\/\/ateliedecriacaofiosenos.com.br\/index.php?rest_route=%2Fwp%2Fv2%2Fmedia&parent=4778"}],"wp:term":[{"taxonomy":"product_brand","embeddable":true,"href":"https:\/\/ateliedecriacaofiosenos.com.br\/index.php?rest_route=%2Fwp%2Fv2%2Fproduct_brand&post=4778"},{"taxonomy":"product_cat","embeddable":true,"href":"https:\/\/ateliedecriacaofiosenos.com.br\/index.php?rest_route=%2Fwp%2Fv2%2Fproduct_cat&post=4778"},{"taxonomy":"product_tag","embeddable":true,"href":"https:\/\/ateliedecriacaofiosenos.com.br\/index.php?rest_route=%2Fwp%2Fv2%2Fproduct_tag&post=4778"}],"curies":[{"name":"wp","href":"https:\/\/api.w.org\/{rel}","templated":true}]}}

Mini Cocar Têxtil

<p><span style="font-weight: 400;"><strong>Material</strong>: fios de Juta, algodão e viscose; barbante de algodão ecológico e rami</span></p>
<p><span style="font-weight: 400;"><strong>Tamanho</strong>: 25 cm (L) x 35 cm (C)</span></p>
<p><span style="font-weight: 400;"><strong>Cor:</strong> Juta e rami na cor natural; barbantes nas cores cru, azul, verde, amarelo, preto e cinza; fios de viscose nas cores azul, verde e dourado.</span></p>
<p><span style="font-weight: 400;"><strong>Obs.:</strong> Pequenas variações podem ocorrer, as quais são características do processo de produção artesanal</span><span style="font-weight: 400;">. </span><span style="font-weight: 400;"> </span></p>
<p><span style="font-weight: 400;">As imagens são manipuladas de forma a representar maior fidelidade às cores. </span></p>
<p><span style="font-weight: 400;">Para maiores informações ou pedido personalizado, preencha o<em> Formulário de contato</em>. Responderemos sua mensagem o mais breve possível.</span></p>
<div class="wpforms-container " id="wpforms-1949"><form id="wpforms-form-1949" class="wpforms-validate wpforms-form" data-formid="1949" method="post" enctype="multipart/form-data" action="/index.php?rest_route=%2Fwp%2Fv2%2Fproduct%2F4778" data-token="3e92b4604df1cf46ec9e44fb339d4242" data-token-time="1777581033"><noscript class="wpforms-error-noscript">Ative o JavaScript no seu navegador para preencher este formulário.</noscript><div class="wpforms-field-container"><div id="wpforms-1949-field_0-container" class="wpforms-field wpforms-field-name" data-field-id="0"><label class="wpforms-field-label" for="wpforms-1949-field_0">Nome <span class="wpforms-required-label">*</span></label><input type="text" id="wpforms-1949-field_0" class="wpforms-field-large wpforms-field-required" name="wpforms[fields][0]" required></div><div id="wpforms-1949-field_1-container" class="wpforms-field wpforms-field-email" data-field-id="1"><label class="wpforms-field-label" for="wpforms-1949-field_1">Email <span class="wpforms-required-label">*</span></label><input type="email" id="wpforms-1949-field_1" class="wpforms-field-large wpforms-field-required" name="wpforms[fields][1]" spellcheck="false" required></div><div id="wpforms-1949-field_2-container" class="wpforms-field wpforms-field-textarea" data-field-id="2"><label class="wpforms-field-label" for="wpforms-1949-field_2">Comentário ou Messagem <span class="wpforms-required-label">*</span></label><textarea id="wpforms-1949-field_2" class="wpforms-field-medium wpforms-field-required" name="wpforms[fields][2]" required></textarea></div></div><!-- .wpforms-field-container --><div class="wpforms-submit-container" ><input type="hidden" name="wpforms[id]" value="1949"><input type="hidden" name="page_title" value=""><input type="hidden" name="page_url" value="https://ateliedecriacaofiosenos.com.br/index.php?rest_route=/wp/v2/product/4778"><input type="hidden" name="url_referer" value=""><button type="submit" name="wpforms[submit]" id="wpforms-submit-1949" class="wpforms-submit" data-alt-text="Sending..." data-submit-text="Enviar" aria-live="assertive" value="wpforms-submit">Enviar</button></div></form></div>  <!-- .wpforms-container -->

<p>Peça artesanal única produzida com a técnica do Fiber Emballage. Ela foi inspirada no Cocar Indígena; e as cores, no pássaro da Amazônia &#8211; Surucuá Dourado.</p>

Peça artesanal única produzida com a técnica do Fiber Emballage. Ela foi inspirada no Cocar Indígena; e as cores, no pássaro da Amazônia - Surucuá Dourado.
