{"id":2527,"date":"2023-07-18T14:10:49","date_gmt":"2023-07-18T17:10:49","guid":{"rendered":"https:\/\/ateliedecriacaofiosenos.com.br\/?post_type=product&#038;p=2527"},"modified":"2026-04-29T17:31:12","modified_gmt":"2026-04-29T20:31:12","slug":"mandala-de-macrame-mar-e-terra","status":"publish","type":"product","link":"https:\/\/ateliedecriacaofiosenos.com.br\/?product=mandala-de-macrame-mar-e-terra","title":{"rendered":"Mandala de Macram\u00ea &#8211; Mar e Terra"},"content":{"rendered":"<p><span style=\"font-weight: 400;\"><strong>Material:<\/strong> fio de rafia de papel com detalhes em fio acetinado; aro de MDF.<\/span><\/p>\n<p><b><\/b><span style=\"font-weight: 400;\"><strong>Tamanho:<\/strong> di\u00e2metro D = 72 cm\u00a0<\/span><span style=\"font-weight: 400;\">\u00a0<\/span><\/p>\n<p><span style=\"font-weight: 400;\"><strong>Cor:<\/strong> combina\u00e7\u00e3o das cores cinza, creme e azul;\u00a0 os detalhes s\u00e3o em dourado e terracota.<\/span><\/p>\n<p><span style=\"font-weight: 400;\"><strong>Obs.:<\/strong> Pequenas varia\u00e7\u00f5es podem ocorrer, as quais s\u00e3o caracter\u00edsticas do processo de produ\u00e7\u00e3o\u00a0 artesanal. As imagens s\u00e3o manipuladas de forma a representar maior fidelidade \u00e0s cores.\u00a0<\/span><\/p>\n<p>Para encomendas ou d\u00favidas sobre este produto, preencha o seguinte <strong>Formul\u00e1rio de Contato<\/strong>. Retornaremos sua mensagem o mais breve poss\u00edvel.<\/p>\n<div class=\"wpforms-container \" id=\"wpforms-1949\"><form id=\"wpforms-form-1949\" class=\"wpforms-validate wpforms-form\" data-formid=\"1949\" method=\"post\" enctype=\"multipart\/form-data\" action=\"\/index.php?rest_route=%2Fwp%2Fv2%2Fproduct%2F2527\" data-token=\"3e92b4604df1cf46ec9e44fb339d4242\" data-token-time=\"1777581002\"><noscript class=\"wpforms-error-noscript\">Ative o JavaScript no seu navegador para preencher este formul\u00e1rio.<\/noscript><div class=\"wpforms-field-container\"><div id=\"wpforms-1949-field_0-container\" class=\"wpforms-field wpforms-field-name\" data-field-id=\"0\"><label class=\"wpforms-field-label\" for=\"wpforms-1949-field_0\">Nome <span class=\"wpforms-required-label\">*<\/span><\/label><input type=\"text\" id=\"wpforms-1949-field_0\" class=\"wpforms-field-large wpforms-field-required\" name=\"wpforms[fields][0]\" required><\/div><div id=\"wpforms-1949-field_1-container\" class=\"wpforms-field wpforms-field-email\" data-field-id=\"1\"><label class=\"wpforms-field-label\" for=\"wpforms-1949-field_1\">Email <span class=\"wpforms-required-label\">*<\/span><\/label><input type=\"email\" id=\"wpforms-1949-field_1\" class=\"wpforms-field-large wpforms-field-required\" name=\"wpforms[fields][1]\" spellcheck=\"false\" required><\/div><div id=\"wpforms-1949-field_2-container\" class=\"wpforms-field wpforms-field-textarea\" data-field-id=\"2\"><label class=\"wpforms-field-label\" for=\"wpforms-1949-field_2\">Coment\u00e1rio ou Messagem <span class=\"wpforms-required-label\">*<\/span><\/label><textarea id=\"wpforms-1949-field_2\" class=\"wpforms-field-medium wpforms-field-required\" name=\"wpforms[fields][2]\" required><\/textarea><\/div><\/div><!-- .wpforms-field-container --><div class=\"wpforms-submit-container\" ><input type=\"hidden\" name=\"wpforms[id]\" value=\"1949\"><input type=\"hidden\" name=\"page_title\" value=\"\"><input type=\"hidden\" name=\"page_url\" value=\"https:\/\/ateliedecriacaofiosenos.com.br\/index.php?rest_route=\/wp\/v2\/product\/2527\"><input type=\"hidden\" name=\"url_referer\" value=\"\"><button type=\"submit\" name=\"wpforms[submit]\" id=\"wpforms-submit-1949\" class=\"wpforms-submit\" data-alt-text=\"Sending...\" data-submit-text=\"Enviar\" aria-live=\"assertive\" value=\"wpforms-submit\">Enviar<\/button><\/div><\/form><\/div>  <!-- .wpforms-container -->\n","protected":false},"excerpt":{"rendered":"<p><span style=\"font-weight: 400;\">Mandala de Macram\u00ea produzida com fio de rafia de papel e detalhes em fio acetinado. Ela \u00e9 muito leve e f\u00e1cil de ser transportada, podendo ser pendurada em qualquer parede protegida da chuva.\u00a0<\/span><\/p>\n","protected":false},"featured_media":3991,"template":"","meta":{"om_disable_all_campaigns":false,"_uag_custom_page_level_css":"","_monsterinsights_skip_tracking":false,"_monsterinsights_sitenote_active":false,"_monsterinsights_sitenote_note":"","_monsterinsights_sitenote_category":0,"site-sidebar-layout":"default","site-content-layout":"default","ast-site-content-layout":"default","site-content-style":"default","site-sidebar-style":"default","ast-global-header-display":"","ast-banner-title-visibility":"","ast-main-header-display":"","ast-hfb-above-header-display":"","ast-hfb-below-header-display":"","ast-hfb-mobile-header-display":"","site-post-title":"","ast-breadcrumbs-content":"","ast-featured-img":"","footer-sml-layout":"","ast-disable-related-posts":"","theme-transparent-header-meta":"default","adv-header-id-meta":"","stick-header-meta":"","header-above-stick-meta":"","header-main-stick-meta":"","header-below-stick-meta":"","astra-migrate-meta-layouts":"set","ast-page-background-enabled":"default","ast-page-background-meta":{"desktop":{"background-color":"var(--ast-global-color-4)","background-image":"","background-repeat":"repeat","background-position":"center center","background-size":"auto","background-attachment":"scroll","background-type":"","background-media":"","overlay-type":"","overlay-color":"","overlay-opacity":"","overlay-gradient":""},"tablet":{"background-color":"","background-image":"","background-repeat":"repeat","background-position":"center center","background-size":"auto","background-attachment":"scroll","background-type":"","background-media":"","overlay-type":"","overlay-color":"","overlay-opacity":"","overlay-gradient":""},"mobile":{"background-color":"","background-image":"","background-repeat":"repeat","background-position":"center center","background-size":"auto","background-attachment":"scroll","background-type":"","background-media":"","overlay-type":"","overlay-color":"","overlay-opacity":"","overlay-gradient":""}},"ast-content-background-meta":{"desktop":{"background-color":"var(--ast-global-color-5)","background-image":"","background-repeat":"repeat","background-position":"center center","background-size":"auto","background-attachment":"scroll","background-type":"","background-media":"","overlay-type":"","overlay-color":"","overlay-opacity":"","overlay-gradient":""},"tablet":{"background-color":"var(--ast-global-color-5)","background-image":"","background-repeat":"repeat","background-position":"center center","background-size":"auto","background-attachment":"scroll","background-type":"","background-media":"","overlay-type":"","overlay-color":"","overlay-opacity":"","overlay-gradient":""},"mobile":{"background-color":"var(--ast-global-color-5)","background-image":"","background-repeat":"repeat","background-position":"center center","background-size":"auto","background-attachment":"scroll","background-type":"","background-media":"","overlay-type":"","overlay-color":"","overlay-opacity":"","overlay-gradient":""}}},"product_brand":[],"product_cat":[28],"product_tag":[75,78,71,70],"class_list":{"0":"post-2527","1":"product","2":"type-product","3":"status-publish","4":"has-post-thumbnail","6":"product_cat-mandalas-e-filtros-de-sonhos","7":"product_tag-escultura-textil","8":"product_tag-mandala-de-macrame","9":"product_tag-painel-circular","10":"product_tag-painel-de-macrame","11":"desktop-align-left","12":"tablet-align-left","13":"mobile-align-left","15":"first","16":"instock","17":"shipping-taxable","18":"purchasable","19":"product-type-simple"},"aioseo_notices":[],"uagb_featured_image_src":{"full":["https:\/\/ateliedecriacaofiosenos.com.br\/wp-content\/uploads\/2023\/07\/mandala-mar-e-terra-frente.jpg",1080,1080,false],"thumbnail":["https:\/\/ateliedecriacaofiosenos.com.br\/wp-content\/uploads\/2023\/07\/mandala-mar-e-terra-frente-150x150.jpg",150,150,true],"medium":["https:\/\/ateliedecriacaofiosenos.com.br\/wp-content\/uploads\/2023\/07\/mandala-mar-e-terra-frente-300x300.jpg",300,300,true],"medium_large":["https:\/\/ateliedecriacaofiosenos.com.br\/wp-content\/uploads\/2023\/07\/mandala-mar-e-terra-frente-768x768.jpg",768,768,true],"large":["https:\/\/ateliedecriacaofiosenos.com.br\/wp-content\/uploads\/2023\/07\/mandala-mar-e-terra-frente-1024x1024.jpg",1024,1024,true],"1536x1536":["https:\/\/ateliedecriacaofiosenos.com.br\/wp-content\/uploads\/2023\/07\/mandala-mar-e-terra-frente.jpg",1080,1080,false],"2048x2048":["https:\/\/ateliedecriacaofiosenos.com.br\/wp-content\/uploads\/2023\/07\/mandala-mar-e-terra-frente.jpg",1080,1080,false],"mailpoet_newsletter_max":["https:\/\/ateliedecriacaofiosenos.com.br\/wp-content\/uploads\/2023\/07\/mandala-mar-e-terra-frente.jpg",1080,1080,false],"woocommerce_thumbnail":["https:\/\/ateliedecriacaofiosenos.com.br\/wp-content\/uploads\/2023\/07\/mandala-mar-e-terra-frente-300x300.jpg",300,300,true],"woocommerce_single":["https:\/\/ateliedecriacaofiosenos.com.br\/wp-content\/uploads\/2023\/07\/mandala-mar-e-terra-frente-600x600.jpg",600,600,true],"woocommerce_gallery_thumbnail":["https:\/\/ateliedecriacaofiosenos.com.br\/wp-content\/uploads\/2023\/07\/mandala-mar-e-terra-frente-100x100.jpg",100,100,true]},"uagb_author_info":{"display_name":"criacaofiosenos@gmail.com","author_link":"https:\/\/ateliedecriacaofiosenos.com.br\/?author=0"},"uagb_comment_info":0,"uagb_excerpt":"Mandala de Macram\u00ea produzida com fio de rafia de papel e detalhes em fio acetinado. Ela \u00e9 muito leve e f\u00e1cil de ser transportada, podendo ser pendurada em qualquer parede protegida da chuva.\u00a0","jetpack_sharing_enabled":true,"_links":{"self":[{"href":"https:\/\/ateliedecriacaofiosenos.com.br\/index.php?rest_route=\/wp\/v2\/product\/2527","targetHints":{"allow":["GET"]}}],"collection":[{"href":"https:\/\/ateliedecriacaofiosenos.com.br\/index.php?rest_route=\/wp\/v2\/product"}],"about":[{"href":"https:\/\/ateliedecriacaofiosenos.com.br\/index.php?rest_route=\/wp\/v2\/types\/product"}],"wp:featuredmedia":[{"embeddable":true,"href":"https:\/\/ateliedecriacaofiosenos.com.br\/index.php?rest_route=\/wp\/v2\/media\/3991"}],"wp:attachment":[{"href":"https:\/\/ateliedecriacaofiosenos.com.br\/index.php?rest_route=%2Fwp%2Fv2%2Fmedia&parent=2527"}],"wp:term":[{"taxonomy":"product_brand","embeddable":true,"href":"https:\/\/ateliedecriacaofiosenos.com.br\/index.php?rest_route=%2Fwp%2Fv2%2Fproduct_brand&post=2527"},{"taxonomy":"product_cat","embeddable":true,"href":"https:\/\/ateliedecriacaofiosenos.com.br\/index.php?rest_route=%2Fwp%2Fv2%2Fproduct_cat&post=2527"},{"taxonomy":"product_tag","embeddable":true,"href":"https:\/\/ateliedecriacaofiosenos.com.br\/index.php?rest_route=%2Fwp%2Fv2%2Fproduct_tag&post=2527"}],"curies":[{"name":"wp","href":"https:\/\/api.w.org\/{rel}","templated":true}]}}

Mandala de Macramê &#8211; Mar e Terra

<p><span style="font-weight: 400;"><strong>Material:</strong> fio de rafia de papel com detalhes em fio acetinado; aro de MDF.</span></p>
<p><b></b><span style="font-weight: 400;"><strong>Tamanho:</strong> diâmetro D = 72 cm </span><span style="font-weight: 400;"> </span></p>
<p><span style="font-weight: 400;"><strong>Cor:</strong> combinação das cores cinza, creme e azul;  os detalhes são em dourado e terracota.</span></p>
<p><span style="font-weight: 400;"><strong>Obs.:</strong> Pequenas variações podem ocorrer, as quais são características do processo de produção  artesanal. As imagens são manipuladas de forma a representar maior fidelidade às cores. </span></p>
<p>Para encomendas ou dúvidas sobre este produto, preencha o seguinte <strong>Formulário de Contato</strong>. Retornaremos sua mensagem o mais breve possível.</p>
<div class="wpforms-container " id="wpforms-1949"><form id="wpforms-form-1949" class="wpforms-validate wpforms-form" data-formid="1949" method="post" enctype="multipart/form-data" action="/index.php?rest_route=%2Fwp%2Fv2%2Fproduct%2F2527" data-token="3e92b4604df1cf46ec9e44fb339d4242" data-token-time="1777581002"><noscript class="wpforms-error-noscript">Ative o JavaScript no seu navegador para preencher este formulário.</noscript><div class="wpforms-field-container"><div id="wpforms-1949-field_0-container" class="wpforms-field wpforms-field-name" data-field-id="0"><label class="wpforms-field-label" for="wpforms-1949-field_0">Nome <span class="wpforms-required-label">*</span></label><input type="text" id="wpforms-1949-field_0" class="wpforms-field-large wpforms-field-required" name="wpforms[fields][0]" required></div><div id="wpforms-1949-field_1-container" class="wpforms-field wpforms-field-email" data-field-id="1"><label class="wpforms-field-label" for="wpforms-1949-field_1">Email <span class="wpforms-required-label">*</span></label><input type="email" id="wpforms-1949-field_1" class="wpforms-field-large wpforms-field-required" name="wpforms[fields][1]" spellcheck="false" required></div><div id="wpforms-1949-field_2-container" class="wpforms-field wpforms-field-textarea" data-field-id="2"><label class="wpforms-field-label" for="wpforms-1949-field_2">Comentário ou Messagem <span class="wpforms-required-label">*</span></label><textarea id="wpforms-1949-field_2" class="wpforms-field-medium wpforms-field-required" name="wpforms[fields][2]" required></textarea></div></div><!-- .wpforms-field-container --><div class="wpforms-submit-container" ><input type="hidden" name="wpforms[id]" value="1949"><input type="hidden" name="page_title" value=""><input type="hidden" name="page_url" value="https://ateliedecriacaofiosenos.com.br/index.php?rest_route=/wp/v2/product/2527"><input type="hidden" name="url_referer" value=""><button type="submit" name="wpforms[submit]" id="wpforms-submit-1949" class="wpforms-submit" data-alt-text="Sending..." data-submit-text="Enviar" aria-live="assertive" value="wpforms-submit">Enviar</button></div></form></div>  <!-- .wpforms-container -->

<p><span style="font-weight: 400;">Mandala de Macramê produzida com fio de rafia de papel e detalhes em fio acetinado. Ela é muito leve e fácil de ser transportada, podendo ser pendurada em qualquer parede protegida da chuva. </span></p>

Mandala de Macramê produzida com fio de rafia de papel e detalhes em fio acetinado. Ela é muito leve e fácil de ser transportada, podendo ser pendurada em qualquer parede protegida da chuva.
